{"id":50,"date":"2021-05-10T10:39:50","date_gmt":"2021-05-10T08:39:50","guid":{"rendered":"https:\/\/ecoledumiroir.eu\/?page_id=50"},"modified":"2021-05-21T09:28:35","modified_gmt":"2021-05-21T07:28:35","slug":"contacts","status":"publish","type":"page","link":"https:\/\/ecoledumiroir.eu\/index.php\/contacts\/","title":{"rendered":"Contacts"},"content":{"rendered":"\n<div class=\"wp-block-columns is-layout-flex wp-container-core-columns-is-layout-9d6595d7 wp-block-columns-is-layout-flex\">\n<div class=\"wp-block-column is-layout-flow wp-block-column-is-layout-flow\">\n<p class=\"has-text-color has-large-font-size\" style=\"color:#a30003\"><strong>Ecole du Miroir<br><\/strong>rue du Miroir, 7<br>6820 FLORENVILLE<\/p>\n\n\n\n<p>T\u00e9l: 061\/31.12.71<br>Fax: 061\/31.12.71<br>GSM: 0479\/63.71.24<br>Email: ecoledumiroir6820@gmail.com<br>Email: &#8211;<\/p>\n\n\n\n<p><strong><span style=\"color:#a30003\" class=\"has-inline-color\">Horaires d&rsquo;ouverture<br><\/span><\/strong>lundi : 08h45 \u00e0 12h20 &#8211; 13h30 \u00e0 15h25<br>mardi : 08h45 \u00e0 12h20 &#8211; 13h30 \u00e0 15h25<br>mercredi : 08h45 \u00e0 11h25<br>jeudi : 08h45 \u00e0 12h20 &#8211; 13h30 \u00e0 15h25<br>vendredi : 08h45 \u00e0 12h20 &#8211; 13h30 \u00e0 15h25<\/p>\n<\/div>\n\n\n\n<div class=\"wp-block-column is-layout-flow wp-block-column-is-layout-flow\">\n<iframe src=\"https:\/\/www.google.com\/maps\/embed?pb=!1m18!1m12!1m3!1d2580.78243639455!2d5.309499951411163!3d49.69606974921114!2m3!1f0!2f0!3f0!3m2!1i1024!2i768!4f13.1!3m3!1m2!1s0x47ea8f28a2299f6d%3A0x58e6b575f2ed51d0!2sRue%20du%20Miroir%207%2C%206820%20Florenville%2C%20Belgique!5e0!3m2!1sfr!2sfr!4v1620636290574!5m2!1sfr!2sfr\" width=\"600\" height=\"600\" style=\"border:0;\" allowfullscreen=\"\" loading=\"lazy\"><\/iframe>\n<\/div>\n<\/div>\n\n\n\n<div class=\"wp-block-columns is-layout-flex wp-container-core-columns-is-layout-9d6595d7 wp-block-columns-is-layout-flex\">\n<div class=\"wp-block-column is-layout-flow wp-block-column-is-layout-flow\">\n<iframe src=\"https:\/\/www.google.com\/maps\/embed?pb=!1m18!1m12!1m3!1d767.3769055969648!2d5.381384893139811!3d49.689374843554525!2m3!1f0!2f0!3f0!3m2!1i1024!2i768!4f13.1!3m3!1m2!1s0x47ea8fcd316a159d%3A0xb7e2d50fdfdd2d38!2sRue%20des%20Quatre%20Vents%2C%206810%20Chiny%2C%20Belgique!5e0!3m2!1sfr!2sfr!4v1620636485121!5m2!1sfr!2sfr\" width=\"600\" height=\"450\" style=\"border:0;\" allowfullscreen=\"\" loading=\"lazy\"><\/iframe>\n<\/div>\n\n\n\n<div class=\"wp-block-column is-layout-flow wp-block-column-is-layout-flow\">\n<p class=\"has-text-color\" style=\"color:#a30003\"><strong>Centre Psycho M\u00e9dico Social (P.M.S.)<br><\/strong>rue des quatre vents<br>6810 IZEL<\/p>\n\n\n\n<p>T\u00e9l: 061\/31.21.80<br>Fax: 061\/31.21.80<\/p>\n<\/div>\n<\/div>\n","protected":false},"excerpt":{"rendered":"<p>Ecole du Miroirrue du Miroir, 76820 FLORENVILLE T\u00e9l: 061\/31.12.71Fax: 061\/31.12.71GSM: 0479\/63.71.24Email: ecoledumiroir6820@gmail.comEmail: &#8211; Horaires d&rsquo;ouverturelundi : 08h45 \u00e0 12h20 &#8211; 13h30 \u00e0 15h25mardi : 08h45 \u00e0 12h20 &#8211; 13h30 \u00e0 [&hellip;]<\/p>\n","protected":false},"author":1,"featured_media":0,"parent":0,"menu_order":0,"comment_status":"closed","ping_status":"closed","template":"","meta":{"footnotes":""},"class_list":["post-50","page","type-page","status-publish","hentry"],"_links":{"self":[{"href":"https:\/\/ecoledumiroir.eu\/index.php\/wp-json\/wp\/v2\/pages\/50","targetHints":{"allow":["GET"]}}],"collection":[{"href":"https:\/\/ecoledumiroir.eu\/index.php\/wp-json\/wp\/v2\/pages"}],"about":[{"href":"https:\/\/ecoledumiroir.eu\/index.php\/wp-json\/wp\/v2\/types\/page"}],"author":[{"embeddable":true,"href":"https:\/\/ecoledumiroir.eu\/index.php\/wp-json\/wp\/v2\/users\/1"}],"replies":[{"embeddable":true,"href":"https:\/\/ecoledumiroir.eu\/index.php\/wp-json\/wp\/v2\/comments?post=50"}],"version-history":[{"count":9,"href":"https:\/\/ecoledumiroir.eu\/index.php\/wp-json\/wp\/v2\/pages\/50\/revisions"}],"predecessor-version":[{"id":156,"href":"https:\/\/ecoledumiroir.eu\/index.php\/wp-json\/wp\/v2\/pages\/50\/revisions\/156"}],"wp:attachment":[{"href":"https:\/\/ecoledumiroir.eu\/index.php\/wp-json\/wp\/v2\/media?parent=50"}],"curies":[{"name":"wp","href":"https:\/\/api.w.org\/{rel}","templated":true}]}}

<div class="wp-block-columns is-layout-flex wp-container-core-columns-is-layout-9d6595d7 wp-block-columns-is-layout-flex">
<div class="wp-block-column is-layout-flow wp-block-column-is-layout-flow">
<p class="has-text-color has-large-font-size" style="color:#a30003"><strong>Ecole du Miroir<br></strong>rue du Miroir, 7<br>6820 FLORENVILLE</p>



<p>Tél: 061/31.12.71<br>Fax: 061/31.12.71<br>GSM: 0479/63.71.24<br>Email: ecoledumiroir6820@gmail.com<br>Email: &#8211;</p>



<p><strong><span style="color:#a30003" class="has-inline-color">Horaires d&rsquo;ouverture<br></span></strong>lundi : 08h45 à 12h20 &#8211; 13h30 à 15h25<br>mardi : 08h45 à 12h20 &#8211; 13h30 à 15h25<br>mercredi : 08h45 à 11h25<br>jeudi : 08h45 à 12h20 &#8211; 13h30 à 15h25<br>vendredi : 08h45 à 12h20 &#8211; 13h30 à 15h25</p>
</div>



<div class="wp-block-column is-layout-flow wp-block-column-is-layout-flow">
<iframe src="https://www.google.com/maps/embed?pb=!1m18!1m12!1m3!1d2580.78243639455!2d5.309499951411163!3d49.69606974921114!2m3!1f0!2f0!3f0!3m2!1i1024!2i768!4f13.1!3m3!1m2!1s0x47ea8f28a2299f6d%3A0x58e6b575f2ed51d0!2sRue%20du%20Miroir%207%2C%206820%20Florenville%2C%20Belgique!5e0!3m2!1sfr!2sfr!4v1620636290574!5m2!1sfr!2sfr" width="600" height="600" style="border:0;" allowfullscreen="" loading="lazy"></iframe>
</div>
</div>



<div class="wp-block-columns is-layout-flex wp-container-core-columns-is-layout-9d6595d7 wp-block-columns-is-layout-flex">
<div class="wp-block-column is-layout-flow wp-block-column-is-layout-flow">
<iframe src="https://www.google.com/maps/embed?pb=!1m18!1m12!1m3!1d767.3769055969648!2d5.381384893139811!3d49.689374843554525!2m3!1f0!2f0!3f0!3m2!1i1024!2i768!4f13.1!3m3!1m2!1s0x47ea8fcd316a159d%3A0xb7e2d50fdfdd2d38!2sRue%20des%20Quatre%20Vents%2C%206810%20Chiny%2C%20Belgique!5e0!3m2!1sfr!2sfr!4v1620636485121!5m2!1sfr!2sfr" width="600" height="450" style="border:0;" allowfullscreen="" loading="lazy"></iframe>
</div>



<div class="wp-block-column is-layout-flow wp-block-column-is-layout-flow">
<p class="has-text-color" style="color:#a30003"><strong>Centre Psycho Médico Social (P.M.S.)<br></strong>rue des quatre vents<br>6810 IZEL</p>



<p>Tél: 061/31.21.80<br>Fax: 061/31.21.80</p>
</div>
</div>

<p>Ecole du Miroirrue du Miroir, 76820 FLORENVILLE Tél: 061/31.12.71Fax: 061/31.12.71GSM: 0479/63.71.24Email: ecoledumiroir6820@gmail.comEmail: &#8211; Horaires d&rsquo;ouverturelundi : 08h45 à 12h20 &#8211; 13h30 à 15h25mardi : 08h45 à 12h20 &#8211; 13h30 à [&hellip;]</p>
