{"id":2,"date":"2021-05-07T11:22:29","date_gmt":"2021-05-07T09:22:29","guid":{"rendered":"http:\/\/ecoledumiroir.eu\/?page_id=2"},"modified":"2024-04-09T16:46:16","modified_gmt":"2024-04-09T14:46:16","slug":"index","status":"publish","type":"page","link":"https:\/\/ecoledumiroir.eu\/index.php\/index\/","title":{"rendered":"Ecole du Miroir de Florenville"},"content":{"rendered":"\n<p>Chers&nbsp;parents,<\/p>\n\n\n<div class=\"wp-block-image\">\n<figure class=\"alignleft size-large is-resized\"><img loading=\"lazy\" decoding=\"async\" width=\"1024\" height=\"586\" src=\"https:\/\/ecoledumiroir.eu\/wp-content\/uploads\/2021\/05\/120092582_119057713273716_7297086864982734035_o-1024x586.jpg\" alt=\"\" class=\"wp-image-41\" style=\"width:322px;height:183px\" srcset=\"https:\/\/ecoledumiroir.eu\/wp-content\/uploads\/2021\/05\/120092582_119057713273716_7297086864982734035_o-1024x586.jpg 1024w, https:\/\/ecoledumiroir.eu\/wp-content\/uploads\/2021\/05\/120092582_119057713273716_7297086864982734035_o-300x172.jpg 300w, https:\/\/ecoledumiroir.eu\/wp-content\/uploads\/2021\/05\/120092582_119057713273716_7297086864982734035_o-768x439.jpg 768w, https:\/\/ecoledumiroir.eu\/wp-content\/uploads\/2021\/05\/120092582_119057713273716_7297086864982734035_o.jpg 1440w\" sizes=\"auto, (max-width: 1024px) 100vw, 1024px\" \/><\/figure>\n<\/div>\n\n\n<p>Que&nbsp;vous&nbsp;soyez&nbsp;des&nbsp;routiniers&nbsp;de&nbsp;la&nbsp;Communaut\u00e9&nbsp;fran\u00e7aise&nbsp;ou&nbsp;de&nbsp;frais&nbsp;pionniers,<br>Que&nbsp;vous&nbsp;soyez&nbsp;venus&nbsp;par&nbsp;hasard&nbsp;ou&nbsp;qu&rsquo;une&nbsp;connaissance&nbsp;vous&nbsp;y&nbsp;ait&nbsp;amen\u00e9s,<br>Que&nbsp;vous&nbsp;soyez&nbsp;assoiff\u00e9s&nbsp;d&rsquo;humanit\u00e9&nbsp;ou&nbsp;affam\u00e9s&nbsp;de&nbsp;savoirs,<br>Que&nbsp;vous&nbsp;r\u00eaviez&nbsp;d&rsquo;\u00e9toiles&nbsp;ou&nbsp;que&nbsp;vous&nbsp;vous&nbsp;nourrissiez&nbsp;d&rsquo;observation&nbsp;fort&nbsp;minutieuse,<br>Que&nbsp;votre&nbsp;id\u00e9al&nbsp;soit&nbsp;fait&nbsp;de&nbsp;ces&nbsp;certitudes&nbsp;o\u00f9&nbsp;qu&rsquo;il&nbsp;soit&nbsp;construit&nbsp;sur&nbsp;de&nbsp;puissants&nbsp;doutes,<\/p>\n\n\n\n<p>Soyez,&nbsp;chacune&nbsp;et&nbsp;chacun,&nbsp;surtout&nbsp;assur\u00e9s&nbsp;d&rsquo;\u00eatre&nbsp;les&nbsp;bienvenus&nbsp;!<\/p>\n\n\n\n<p>Notre&nbsp;\u00e9cole&nbsp;veut&nbsp;\u00eatre&nbsp;un&nbsp;lieu&nbsp;o\u00f9&nbsp;se&nbsp;vivent&nbsp;et&nbsp;se&nbsp;construisent&nbsp;des&nbsp;savoirs,&nbsp;des&nbsp;outils,&nbsp;au&nbsp;service&nbsp;des&nbsp;valeurs&nbsp;qui&nbsp;fondent&nbsp;notre&nbsp;Humanit\u00e9.<br>Soyez&nbsp;les&nbsp;bienvenus,&nbsp;vous&nbsp;qui&nbsp;ne&nbsp;doutez&nbsp;pas&nbsp;de&nbsp;notre&nbsp;volont\u00e9&nbsp;de&nbsp;vivre&nbsp;en&nbsp;\u00catres&nbsp;debouts,&nbsp;acteurs&nbsp;faillibles&nbsp;de&nbsp;nos&nbsp;destins.<\/p>\n\n\n\n<p>Soyez&nbsp;les&nbsp;bienvenus&nbsp;sur&nbsp;ces&nbsp;chemins&nbsp;difficiles&nbsp;que&nbsp;nous&nbsp;allons&nbsp;emprunter&nbsp;ensemble&nbsp;au&nbsp;fil&nbsp;des&nbsp;ann\u00e9es&nbsp;\u00e0&nbsp;venir &#8230;<\/p>\n\n\n\n<p>A&nbsp;l&rsquo;aube&nbsp;de&nbsp;cette&nbsp;nouvelle&nbsp;aventure,&nbsp;soyez&nbsp;assur\u00e9s&nbsp;d&rsquo;\u00eatre&nbsp;reconnus&nbsp;pour&nbsp;votre&nbsp;amabilit\u00e9&nbsp;aux&nbsp;visages&nbsp;multiples,&nbsp;comptez&nbsp;sur&nbsp;nous&nbsp;pour&nbsp;tenter l&rsquo;enivrante&nbsp;mission&nbsp;de&nbsp;grandir&nbsp;chacun.<\/p>\n\n\n\n<p class=\"has-text-align-right\"><em>David&nbsp;COLLIGNON,<br>Directeur.<\/em><\/p>\n\n\n\n<figure class=\"wp-block-gallery has-nested-images columns-default is-cropped wp-block-gallery-1 is-layout-flex wp-block-gallery-is-layout-flex\">\n<figure class=\"wp-block-image size-large\"><img loading=\"lazy\" decoding=\"async\" width=\"1024\" height=\"586\" data-id=\"81\" src=\"https:\/\/ecoledumiroir.eu\/wp-content\/uploads\/2021\/05\/120092582_119057713273716_7297086864982734035_o-1-1024x586.jpg\" alt=\"\" class=\"wp-image-81\" srcset=\"https:\/\/ecoledumiroir.eu\/wp-content\/uploads\/2021\/05\/120092582_119057713273716_7297086864982734035_o-1-1024x586.jpg 1024w, https:\/\/ecoledumiroir.eu\/wp-content\/uploads\/2021\/05\/120092582_119057713273716_7297086864982734035_o-1-300x172.jpg 300w, https:\/\/ecoledumiroir.eu\/wp-content\/uploads\/2021\/05\/120092582_119057713273716_7297086864982734035_o-1-768x439.jpg 768w, https:\/\/ecoledumiroir.eu\/wp-content\/uploads\/2021\/05\/120092582_119057713273716_7297086864982734035_o-1.jpg 1440w\" sizes=\"auto, (max-width: 1024px) 100vw, 1024px\" \/><\/figure>\n\n\n\n<figure class=\"wp-block-image size-large\"><img loading=\"lazy\" decoding=\"async\" width=\"200\" height=\"150\" data-id=\"82\" src=\"https:\/\/ecoledumiroir.eu\/wp-content\/uploads\/2021\/05\/bandeau2-1.jpg\" alt=\"\" class=\"wp-image-82\"\/><\/figure>\n<\/figure>\n\n\n\n<div class=\"wp-block-columns are-vertically-aligned-center is-layout-flex wp-container-core-columns-is-layout-9d6595d7 wp-block-columns-is-layout-flex\">\n<div class=\"wp-block-column is-vertically-aligned-center is-layout-flow wp-block-column-is-layout-flow\">\n<p class=\"has-text-align-left\"><em><strong>Est-ce que tu connais l&rsquo;\u00e9cole du Miroir ?<br><\/strong><\/em>C&rsquo;est g\u00e9nial l\u00e0-bas<br>On y est accueillant<br>Les jours y passent vite<br>Et on peut y trouver<br>Des amis pour rigoler<br>Un personnel sympa<br>Mais n&rsquo;oublions pas aussi qu&rsquo;<br>Ici on mange bien<br>Rien ne nous manque<br>On fait des excursions inoubliables<br>Impossible d&rsquo;y r\u00e9sister alors<br>Retrouve-nous \u00e0 l&rsquo;\u00e9cole du Miroir !<\/p>\n\n\n\n<p class=\"has-text-align-right\"><em><strong>Les \u00e9l\u00e8ves du Miroir<\/strong><\/em><\/p>\n<\/div>\n\n\n\n<div class=\"wp-block-column is-vertically-aligned-center is-layout-flow wp-block-column-is-layout-flow\"><div class=\"wp-block-image\">\n<figure class=\"aligncenter size-large is-resized\"><img loading=\"lazy\" decoding=\"async\" width=\"474\" height=\"237\" src=\"https:\/\/ecoledumiroir.eu\/wp-content\/uploads\/2021\/05\/bandeau_ecole.jpg\" alt=\"\" class=\"wp-image-71\" style=\"width:440px;height:220px\" srcset=\"https:\/\/ecoledumiroir.eu\/wp-content\/uploads\/2021\/05\/bandeau_ecole.jpg 474w, https:\/\/ecoledumiroir.eu\/wp-content\/uploads\/2021\/05\/bandeau_ecole-300x150.jpg 300w\" sizes=\"auto, (max-width: 474px) 100vw, 474px\" \/><\/figure>\n<\/div>\n\n\n<p><\/p>\n<\/div>\n<\/div>\n","protected":false},"excerpt":{"rendered":"<p>Chers&nbsp;parents, Que&nbsp;vous&nbsp;soyez&nbsp;des&nbsp;routiniers&nbsp;de&nbsp;la&nbsp;Communaut\u00e9&nbsp;fran\u00e7aise&nbsp;ou&nbsp;de&nbsp;frais&nbsp;pionniers,Que&nbsp;vous&nbsp;soyez&nbsp;venus&nbsp;par&nbsp;hasard&nbsp;ou&nbsp;qu&rsquo;une&nbsp;connaissance&nbsp;vous&nbsp;y&nbsp;ait&nbsp;amen\u00e9s,Que&nbsp;vous&nbsp;soyez&nbsp;assoiff\u00e9s&nbsp;d&rsquo;humanit\u00e9&nbsp;ou&nbsp;affam\u00e9s&nbsp;de&nbsp;savoirs,Que&nbsp;vous&nbsp;r\u00eaviez&nbsp;d&rsquo;\u00e9toiles&nbsp;ou&nbsp;que&nbsp;vous&nbsp;vous&nbsp;nourrissiez&nbsp;d&rsquo;observation&nbsp;fort&nbsp;minutieuse,Que&nbsp;votre&nbsp;id\u00e9al&nbsp;soit&nbsp;fait&nbsp;de&nbsp;ces&nbsp;certitudes&nbsp;o\u00f9&nbsp;qu&rsquo;il&nbsp;soit&nbsp;construit&nbsp;sur&nbsp;de&nbsp;puissants&nbsp;doutes, Soyez,&nbsp;chacune&nbsp;et&nbsp;chacun,&nbsp;surtout&nbsp;assur\u00e9s&nbsp;d&rsquo;\u00eatre&nbsp;les&nbsp;bienvenus&nbsp;! Notre&nbsp;\u00e9cole&nbsp;veut&nbsp;\u00eatre&nbsp;un&nbsp;lieu&nbsp;o\u00f9&nbsp;se&nbsp;vivent&nbsp;et&nbsp;se&nbsp;construisent&nbsp;des&nbsp;savoirs,&nbsp;des&nbsp;outils,&nbsp;au&nbsp;service&nbsp;des&nbsp;valeurs&nbsp;qui&nbsp;fondent&nbsp;notre&nbsp;Humanit\u00e9.Soyez&nbsp;les&nbsp;bienvenus,&nbsp;vous&nbsp;qui&nbsp;ne&nbsp;doutez&nbsp;pas&nbsp;de&nbsp;notre&nbsp;volont\u00e9&nbsp;de&nbsp;vivre&nbsp;en&nbsp;\u00catres&nbsp;debouts,&nbsp;acteurs&nbsp;faillibles&nbsp;de&nbsp;nos&nbsp;destins. Soyez&nbsp;les&nbsp;bienvenus&nbsp;sur&nbsp;ces&nbsp;chemins&nbsp;difficiles&nbsp;que&nbsp;nous&nbsp;allons&nbsp;emprunter&nbsp;ensemble&nbsp;au&nbsp;fil&nbsp;des&nbsp;ann\u00e9es&nbsp;\u00e0&nbsp;venir &#8230; A&nbsp;l&rsquo;aube&nbsp;de&nbsp;cette&nbsp;nouvelle&nbsp;aventure,&nbsp;soyez&nbsp;assur\u00e9s&nbsp;d&rsquo;\u00eatre&nbsp;reconnus&nbsp;pour&nbsp;votre&nbsp;amabilit\u00e9&nbsp;aux&nbsp;visages&nbsp;multiples,&nbsp;comptez&nbsp;sur&nbsp;nous&nbsp;pour&nbsp;tenter l&rsquo;enivrante&nbsp;mission&nbsp;de&nbsp;grandir&nbsp;chacun. David&nbsp;COLLIGNON,Directeur. Est-ce que tu connais l&rsquo;\u00e9cole du Miroir ?C&rsquo;est g\u00e9nial l\u00e0-basOn y est accueillantLes jours y passent viteEt on peut y trouverDes [&hellip;]<\/p>\n","protected":false},"author":1,"featured_media":0,"parent":0,"menu_order":0,"comment_status":"closed","ping_status":"open","template":"","meta":{"footnotes":""},"class_list":["post-2","page","type-page","status-publish","hentry"],"_links":{"self":[{"href":"https:\/\/ecoledumiroir.eu\/index.php\/wp-json\/wp\/v2\/pages\/2","targetHints":{"allow":["GET"]}}],"collection":[{"href":"https:\/\/ecoledumiroir.eu\/index.php\/wp-json\/wp\/v2\/pages"}],"about":[{"href":"https:\/\/ecoledumiroir.eu\/index.php\/wp-json\/wp\/v2\/types\/page"}],"author":[{"embeddable":true,"href":"https:\/\/ecoledumiroir.eu\/index.php\/wp-json\/wp\/v2\/users\/1"}],"replies":[{"embeddable":true,"href":"https:\/\/ecoledumiroir.eu\/index.php\/wp-json\/wp\/v2\/comments?post=2"}],"version-history":[{"count":19,"href":"https:\/\/ecoledumiroir.eu\/index.php\/wp-json\/wp\/v2\/pages\/2\/revisions"}],"predecessor-version":[{"id":279,"href":"https:\/\/ecoledumiroir.eu\/index.php\/wp-json\/wp\/v2\/pages\/2\/revisions\/279"}],"wp:attachment":[{"href":"https:\/\/ecoledumiroir.eu\/index.php\/wp-json\/wp\/v2\/media?parent=2"}],"curies":[{"name":"wp","href":"https:\/\/api.w.org\/{rel}","templated":true}]}}

<p>Chers&nbsp;parents,</p>


<div class="wp-block-image">
<figure class="alignleft size-large is-resized"><img loading="lazy" decoding="async" width="1024" height="586" src="https://ecoledumiroir.eu/wp-content/uploads/2021/05/120092582_119057713273716_7297086864982734035_o-1024x586.jpg" alt="" class="wp-image-41" style="width:322px;height:183px" srcset="https://ecoledumiroir.eu/wp-content/uploads/2021/05/120092582_119057713273716_7297086864982734035_o-1024x586.jpg 1024w, https://ecoledumiroir.eu/wp-content/uploads/2021/05/120092582_119057713273716_7297086864982734035_o-300x172.jpg 300w, https://ecoledumiroir.eu/wp-content/uploads/2021/05/120092582_119057713273716_7297086864982734035_o-768x439.jpg 768w, https://ecoledumiroir.eu/wp-content/uploads/2021/05/120092582_119057713273716_7297086864982734035_o.jpg 1440w" sizes="auto, (max-width: 1024px) 100vw, 1024px" /></figure>
</div>


<p>Que&nbsp;vous&nbsp;soyez&nbsp;des&nbsp;routiniers&nbsp;de&nbsp;la&nbsp;Communauté&nbsp;française&nbsp;ou&nbsp;de&nbsp;frais&nbsp;pionniers,<br>Que&nbsp;vous&nbsp;soyez&nbsp;venus&nbsp;par&nbsp;hasard&nbsp;ou&nbsp;qu&rsquo;une&nbsp;connaissance&nbsp;vous&nbsp;y&nbsp;ait&nbsp;amenés,<br>Que&nbsp;vous&nbsp;soyez&nbsp;assoiffés&nbsp;d&rsquo;humanité&nbsp;ou&nbsp;affamés&nbsp;de&nbsp;savoirs,<br>Que&nbsp;vous&nbsp;rêviez&nbsp;d&rsquo;étoiles&nbsp;ou&nbsp;que&nbsp;vous&nbsp;vous&nbsp;nourrissiez&nbsp;d&rsquo;observation&nbsp;fort&nbsp;minutieuse,<br>Que&nbsp;votre&nbsp;idéal&nbsp;soit&nbsp;fait&nbsp;de&nbsp;ces&nbsp;certitudes&nbsp;où&nbsp;qu&rsquo;il&nbsp;soit&nbsp;construit&nbsp;sur&nbsp;de&nbsp;puissants&nbsp;doutes,</p>



<p>Soyez,&nbsp;chacune&nbsp;et&nbsp;chacun,&nbsp;surtout&nbsp;assurés&nbsp;d&rsquo;être&nbsp;les&nbsp;bienvenus&nbsp;!</p>



<p>Notre&nbsp;école&nbsp;veut&nbsp;être&nbsp;un&nbsp;lieu&nbsp;où&nbsp;se&nbsp;vivent&nbsp;et&nbsp;se&nbsp;construisent&nbsp;des&nbsp;savoirs,&nbsp;des&nbsp;outils,&nbsp;au&nbsp;service&nbsp;des&nbsp;valeurs&nbsp;qui&nbsp;fondent&nbsp;notre&nbsp;Humanité.<br>Soyez&nbsp;les&nbsp;bienvenus,&nbsp;vous&nbsp;qui&nbsp;ne&nbsp;doutez&nbsp;pas&nbsp;de&nbsp;notre&nbsp;volonté&nbsp;de&nbsp;vivre&nbsp;en&nbsp;Êtres&nbsp;debouts,&nbsp;acteurs&nbsp;faillibles&nbsp;de&nbsp;nos&nbsp;destins.</p>



<p>Soyez&nbsp;les&nbsp;bienvenus&nbsp;sur&nbsp;ces&nbsp;chemins&nbsp;difficiles&nbsp;que&nbsp;nous&nbsp;allons&nbsp;emprunter&nbsp;ensemble&nbsp;au&nbsp;fil&nbsp;des&nbsp;années&nbsp;à&nbsp;venir &#8230;</p>



<p>A&nbsp;l&rsquo;aube&nbsp;de&nbsp;cette&nbsp;nouvelle&nbsp;aventure,&nbsp;soyez&nbsp;assurés&nbsp;d&rsquo;être&nbsp;reconnus&nbsp;pour&nbsp;votre&nbsp;amabilité&nbsp;aux&nbsp;visages&nbsp;multiples,&nbsp;comptez&nbsp;sur&nbsp;nous&nbsp;pour&nbsp;tenter l&rsquo;enivrante&nbsp;mission&nbsp;de&nbsp;grandir&nbsp;chacun.</p>



<p class="has-text-align-right"><em>David&nbsp;COLLIGNON,<br>Directeur.</em></p>



<figure class="wp-block-gallery has-nested-images columns-default is-cropped wp-block-gallery-1 is-layout-flex wp-block-gallery-is-layout-flex">
<figure class="wp-block-image size-large"><img loading="lazy" decoding="async" width="1024" height="586" data-id="81" src="https://ecoledumiroir.eu/wp-content/uploads/2021/05/120092582_119057713273716_7297086864982734035_o-1-1024x586.jpg" alt="" class="wp-image-81" srcset="https://ecoledumiroir.eu/wp-content/uploads/2021/05/120092582_119057713273716_7297086864982734035_o-1-1024x586.jpg 1024w, https://ecoledumiroir.eu/wp-content/uploads/2021/05/120092582_119057713273716_7297086864982734035_o-1-300x172.jpg 300w, https://ecoledumiroir.eu/wp-content/uploads/2021/05/120092582_119057713273716_7297086864982734035_o-1-768x439.jpg 768w, https://ecoledumiroir.eu/wp-content/uploads/2021/05/120092582_119057713273716_7297086864982734035_o-1.jpg 1440w" sizes="auto, (max-width: 1024px) 100vw, 1024px" /></figure>



<figure class="wp-block-image size-large"><img loading="lazy" decoding="async" width="200" height="150" data-id="82" src="https://ecoledumiroir.eu/wp-content/uploads/2021/05/bandeau2-1.jpg" alt="" class="wp-image-82"/></figure>
</figure>



<div class="wp-block-columns are-vertically-aligned-center is-layout-flex wp-container-core-columns-is-layout-9d6595d7 wp-block-columns-is-layout-flex">
<div class="wp-block-column is-vertically-aligned-center is-layout-flow wp-block-column-is-layout-flow">
<p class="has-text-align-left"><em><strong>Est-ce que tu connais l&rsquo;école du Miroir ?<br></strong></em>C&rsquo;est génial là-bas<br>On y est accueillant<br>Les jours y passent vite<br>Et on peut y trouver<br>Des amis pour rigoler<br>Un personnel sympa<br>Mais n&rsquo;oublions pas aussi qu&rsquo;<br>Ici on mange bien<br>Rien ne nous manque<br>On fait des excursions inoubliables<br>Impossible d&rsquo;y résister alors<br>Retrouve-nous à l&rsquo;école du Miroir !</p>



<p class="has-text-align-right"><em><strong>Les élèves du Miroir</strong></em></p>
</div>



<div class="wp-block-column is-vertically-aligned-center is-layout-flow wp-block-column-is-layout-flow"><div class="wp-block-image">
<figure class="aligncenter size-large is-resized"><img loading="lazy" decoding="async" width="474" height="237" src="https://ecoledumiroir.eu/wp-content/uploads/2021/05/bandeau_ecole.jpg" alt="" class="wp-image-71" style="width:440px;height:220px" srcset="https://ecoledumiroir.eu/wp-content/uploads/2021/05/bandeau_ecole.jpg 474w, https://ecoledumiroir.eu/wp-content/uploads/2021/05/bandeau_ecole-300x150.jpg 300w" sizes="auto, (max-width: 474px) 100vw, 474px" /></figure>
</div>


<p></p>
</div>
</div>

<p>Chers&nbsp;parents, Que&nbsp;vous&nbsp;soyez&nbsp;des&nbsp;routiniers&nbsp;de&nbsp;la&nbsp;Communauté&nbsp;française&nbsp;ou&nbsp;de&nbsp;frais&nbsp;pionniers,Que&nbsp;vous&nbsp;soyez&nbsp;venus&nbsp;par&nbsp;hasard&nbsp;ou&nbsp;qu&rsquo;une&nbsp;connaissance&nbsp;vous&nbsp;y&nbsp;ait&nbsp;amenés,Que&nbsp;vous&nbsp;soyez&nbsp;assoiffés&nbsp;d&rsquo;humanité&nbsp;ou&nbsp;affamés&nbsp;de&nbsp;savoirs,Que&nbsp;vous&nbsp;rêviez&nbsp;d&rsquo;étoiles&nbsp;ou&nbsp;que&nbsp;vous&nbsp;vous&nbsp;nourrissiez&nbsp;d&rsquo;observation&nbsp;fort&nbsp;minutieuse,Que&nbsp;votre&nbsp;idéal&nbsp;soit&nbsp;fait&nbsp;de&nbsp;ces&nbsp;certitudes&nbsp;où&nbsp;qu&rsquo;il&nbsp;soit&nbsp;construit&nbsp;sur&nbsp;de&nbsp;puissants&nbsp;doutes, Soyez,&nbsp;chacune&nbsp;et&nbsp;chacun,&nbsp;surtout&nbsp;assurés&nbsp;d&rsquo;être&nbsp;les&nbsp;bienvenus&nbsp;! Notre&nbsp;école&nbsp;veut&nbsp;être&nbsp;un&nbsp;lieu&nbsp;où&nbsp;se&nbsp;vivent&nbsp;et&nbsp;se&nbsp;construisent&nbsp;des&nbsp;savoirs,&nbsp;des&nbsp;outils,&nbsp;au&nbsp;service&nbsp;des&nbsp;valeurs&nbsp;qui&nbsp;fondent&nbsp;notre&nbsp;Humanité.Soyez&nbsp;les&nbsp;bienvenus,&nbsp;vous&nbsp;qui&nbsp;ne&nbsp;doutez&nbsp;pas&nbsp;de&nbsp;notre&nbsp;volonté&nbsp;de&nbsp;vivre&nbsp;en&nbsp;Êtres&nbsp;debouts,&nbsp;acteurs&nbsp;faillibles&nbsp;de&nbsp;nos&nbsp;destins. Soyez&nbsp;les&nbsp;bienvenus&nbsp;sur&nbsp;ces&nbsp;chemins&nbsp;difficiles&nbsp;que&nbsp;nous&nbsp;allons&nbsp;emprunter&nbsp;ensemble&nbsp;au&nbsp;fil&nbsp;des&nbsp;années&nbsp;à&nbsp;venir &#8230; A&nbsp;l&rsquo;aube&nbsp;de&nbsp;cette&nbsp;nouvelle&nbsp;aventure,&nbsp;soyez&nbsp;assurés&nbsp;d&rsquo;être&nbsp;reconnus&nbsp;pour&nbsp;votre&nbsp;amabilité&nbsp;aux&nbsp;visages&nbsp;multiples,&nbsp;comptez&nbsp;sur&nbsp;nous&nbsp;pour&nbsp;tenter l&rsquo;enivrante&nbsp;mission&nbsp;de&nbsp;grandir&nbsp;chacun. David&nbsp;COLLIGNON,Directeur. Est-ce que tu connais l&rsquo;école du Miroir ?C&rsquo;est génial là-basOn y est accueillantLes jours y passent viteEt on peut y trouverDes [&hellip;]</p>
